 Calculate c(31).
-482
Let t(n) = 27*n**2 + 1470*n + 538. What is t(-54)?
-110
Let o(x) = 124739*x - 2744480. What is o(22)?
-222
Let x(l) = 1986*l - 97307. What is x(49)?
7
Let i(j) = -j**3 - 93*j**2 - 1049*j - 78896. Calculate i(-91).
1
Let c(f) = 696*f + 15702. Give c(-19).
2478
Let n(v) = -2705*v + 651904. What is n(241)?
-1
Let n(w) = 2*w**2 + 499*w - 70745. Calculate n(101).
56
Let n(k) = -k**2 - 471*k - 44284. Give n(-127).
-596
Let a(n) = -125*n**3 + 3126*n**2 - 382*n + 8926. What is a(25)?
1
Let x(d) = d**3 + 64*d**2 - 119*d - 15219. Give x(-62).
-153
Let t(j) = 45217*j + 1989554. Give t(-44).
6
Let t(f) = -38*f**3 + 3190*f**2 + 159*f + 792. What is t(84)?
36
Let y(c) = -2370*c + 9581. Calculate y(4).
101
Let r(g) = g**2 + 921*g + 16210. Determine r(-18).
-44
Let c(k) = 786*k - 7157. Determine c(7).
-1655
Let t(d) = 7661*d + 183879. Give t(-24).
15
Let a(y) = -8*y**3 - 34*y**2 - 28*y - 127. What is a(-4)?
-47
Let j(u) = u**2 - 1892*u + 181467. Give j(101).
576
Let w(u) = 86*u**2 - 659*u - 1212. Calculate w(-2).
450
Let u(q) = -3173*q - 13067. Determine u(-4).
-375
Let g(k) = 72*k**2 + 3253*k + 587. What is g(-45)?
2
Let k(o) = -o**3 + 38*o**2 - 7*o - 37. What is k(38)?
-303
Let a(h) = 62*h**3 - 34*h**2 + 5*h + 5. What is a(-2)?
-637
Let d(c) = 17*c**2 - 1831*c - 176. Calculate d(108).
364
Let w(x) = -2*x**2 + 6714*x + 33595. Calculate w(-5).
-25
Let c(k) = -k**3 - 20291*k**2 - 628066*k - 163. Calculate c(-31).
23
Let c(i) = 4*i**3 + 4461*i**2 + 5561*i - 10002. Calculate c(-1114).
24
Let m(r) = 12067*r - 11910. What is m(1)?
157
Let b(z) = -2017*z - 1347299. Calculate b(-668).
57
Let d(b) = -b**3 - 429*b**2 - 1320*b - 17862. Determine d(-426).
30
Let z(m) = -3*m**3 - 30*m**2 - 178*m - 1367. Calculate z(-8).
-327
Let f(a) = 2*a**2 + 3033*a - 3056. What is f(1)?
-21
Let a(s) = 77*s - 5433. What is a(82)?
881
Let f(r) = -r**2 + 1566*r + 79026. Calculate f(-49).
-109
Let d(b) = -32*b**2 + 464*b - 90. Determine d(14).
134
Let r(g) = 108*g**2 + 368*g - 1804. Calculate r(5).
2736
Let g(q) = 2754*q - 19279. Give g(7).
-1
Let t(z) = 4*z**2 + 134*z - 4010. Determine t(19).
-20
Let t(q) = 94*q - 5105. Give t(55).
65
Let k(m) = m**3 + 234*m**2 + 600*m + 365. Determine k(-1).
-2
Let s(x) = x**2 - 3729*x + 370010. Calculate s(102).
56
Let x(q) = -q**3 + 49*q**2 - 6783*q + 288774. Give x(44).
2
Let s(j) = 602*j - 43033. What is s(70)?
-893
Let r(b) = 127256*b + 5853775. Calculate r(-46).
-1
Let x(u) = 76*u**2 + 1070*u + 308. Calculate x(-12).
-1588
Let r(g) = 2006*g + 63031. Give r(-31).
845
Let p(v) = -562*v**2 + 30283*v + 3511. What is p(54)?
1
Let b(g) = -172*g**2 + 14960*g + 302. Calculate b(87).
-46
Let c(n) = 23*n**2 - 1697*n - 434. What is c(75)?
1666
Let r(n) = -324*n + 5421. What is r(33)?
-5271
Let f(b) = 8*b**3 - 37*b**2 - 34*b - 134. Determine f(6).
58
Let n(z) = z**3 + 49*z**2 - 337*z - 16541. Calculate n(-49).
-28
Let l(p) = -13294*p - 2964560. What is l(-223)?
2
Let w(z) = -2*z**3 - 267*z**2 + 182*z + 6124. Determine w(-134).
-308
Let h(s) = 426*s + 20251. Calculate h(-46).
655
Let g(x) = -x**3 - 75*x**2 - 425*x - 15087. Determine g(-72).
-39
Let h(g) = g**3 - 2*g**2 + 57*g - 145. What is h(-8)?
-1241
Let s(v) = 357*v - 219. What is s(-2)?
-933
Let p(h) = h**3 + 83*h**2 + 1700*h - 94. Give p(-46).
-2
Let z(s) = s**3 + 34*s**2 - 157*s + 44. Determine z(-39).
-1438
Let u(s) = 1355*s - 5414. Determine u(4).
6
Let q(y) = -28*y**2 - 70828*y + 70828. What is q(1)?
-28
Let b(y) = 18*y**2 - 66*y - 2598. Give b(14).
6
Let r(i) = i**3 - 45*i**2 + 425*i - 569. What is r(32)?
-281
Let a(b) = 11*b**2 + 264*b - 503. Calculate a(-27).
388
Let t(f) = 933*f + 60596. What is t(-65)?
-49
Let h(a) = -a**2 + 355*a + 697. Calculate h(357).
-17
Let a(y) = -5*y**3 + 24*y**2 - 2534*y + 12684. What is a(5)?
-11
Let f(i) = -i**3 + 49*i**2 - 168*i - 310. Determine f(46).
-1690
Let a(x) = -x**3 + 93*x**2 - 1986*x + 357. Give a(60).
-3
Let t(w) = -6960*w + 69993. Determine t(10).
393
Let c(a) = -2*a**3 + 2*a**2 + 4*a + 122. Give c(-5).
402
Let w(j) = -8016*j - 1727. Calculate w(0).
-1727
Let b(q) = -202169*q - 202170. Determine b(-1).
-1
Let r(s) = -7329*s + 234586. Determine r(32).
58
Let q(i) = -4160859*i + 6. Give q(0).
6
Let r(f) = 13*f**3 + 406*f**2 - 688*f + 2354. Give r(-33).
11
Let s(a) = -a**3 - 2*a**2 - 157*a + 2171. Give s(0).
2171
Let u(w) = -8370*w**2 - 267838*w + 1. Give u(-32).
-63
Let v(f) = 19522*f - 3455400. Give v(177).
-6
Let f(v) = 90651*v + 3988664. Give f(-44).
20
Let y(h) = -h**3 - 11*h**2 - 1645*h - 14476. Give y(-9).
167
Let u(c) = c**2 - 9346*c + 121296. What is u(13)?
-33
Let k(q) = q**3 - 7*q**2 - 3*q - 2216. Determine k(16).
40
Let d(j) = 37*j**3 - 16902*j**2 - 3197*j - 909. Calculate d(457).
5
Let f(h) = 128*h**2 + 33796*h + 751. Determine f(-264).
-305
Let f(h) = -h**3 - 31*h**2 - 1351*h - 39124. Calculate f(-30).
506
Let k(z) = z**2 + 221*z - 1418. Calculate k(6).
-56
Let t(y) = -y**2 + 50*y + 8437. Calculate t(-69).
226
Let q(d) = -d**3 + 31*d**2 - 78*d + 380. Calculate q(28).
548
Let j(o) = -3*o**2 + 335*o + 66693. Give j(215).
43
Let h(y) = 214*y**2 + 428*y - 1668. Calculate h(4).
3468
Let o(h) = 230909*h - 2078172. What is o(9)?
9
Let q(n) = -n**2 - 89936*n - 359722. Give q(-4).
6
Let s(c) = -6657*c - 7588974. Determine s(-1140).
6
Let t(u) = -158*u - 22959. What is t(-148)?
425
Let f(i) = -i**3 + 688*i**2 + 28361*i + 318. Give f(-39).
6
Let g(d) = 2*d**3 - 67*d**2 + 568*d - 93. Calculate g(17).
26
Let t(m) = m**2 - 1261*m - 388349. Give t(-256).
3
Let j(x) = -3*x**2 + 783*x + 33463. What is j(-41)?
-3683
Let y(u) = 90*u - 5290. Calculate y(61).
200
Let q(z) = 7662*z - 145680. Give q(19).
-102
Let s(c) = -10783*c - 65907. Give s(-6).
-1209
Let s(v) = -1497*v - 82313. Give s(-55).
22
Let h(u) = 5758*u + 11724. What is h(-2)?
208
Let z(s) = -14*s**2 - 6091*s - 18271. Give z(-3).
-124
Let p(t) = 2443483*t + 12217420. What is p(-5)?
5
Let b(f) = -f**3 + 60*f**2 - 134*f - 2451. Determine b(57).
-342
Let x(s) = -5*s**3 - 185*s**2 - 167*s + 149. Give x(-36).
-319
Let x(r) = 58*r + 2703. Determine x(-48).
-81
Let m(z) = -4*z**3 - 117*z**2 + 251*z + 691. What is m(-31)?
-363
Let p(x) = x**2 + 2697*x - 43407. Determine p(16).
1
Let p(x) = 83*x**2 + 18455*x + 6351. Calculate p(-222).
-87
Let b(u) = 574*u - 16624. Calculate b(29).
22
Let t(m) = 861*m + 21756. Calculate t(-25).
231
Let u(s) = 114*s**2 - 3294*s - 3295. Calculate u(-1).
113
Let z(l) = -6*l**2 - 341*l - 3615. Give z(-43).
-46
Let j(i) = 8*i**2 + 3147*i + 6267. Give j(-2).
5
Let f(y) = -113*y**2 - 9607*y - 209. Calculate f(-85).
-39
Let r(c) = -3*c**3 + 2*c**2 + 527*c - 529. Determine r(1).
-3
Let z(u) = -u**2 + 87162*u + 1220470. What is z(-14)?
6
Let f(l) = 8415*l - 1077112. Determine f(128).
8
Let v(b) = 48529*b - 48522. Give v(1).
7
Let w(r) = 419435*r + 2097185. Calculate w(-5).
10
Let g(v) = 25907*v**2 + 129503*v - 1. Give g(-5).
159
Let b(s) = -176222*s + 1233536. What is b(7)?
-18
Let p(u) = 6*u**3 - 32*u**2 - 42*u + 63. Give p(-3).
-261
Let q(h) = -h**3 - 30*h**2 + 360*h - 10. Calculate q(9).
71
Let h(z) = -z**2 - 56370*z + 281851. Calculate h(5).
-24
Let u(q) = -7*q**3 - 51*q**2 - 60*q - 335. Calculate u(-7).
-13
Let y(l) = 12*l**3 - 95*l**2 - 366*l + 30. Determine y(-4).
-794
Let f(w) = 7875*w - 599. What is f(0)?
-599
Let q(v) = 2310*v**2 - 101639*v - 1. Determine q(44).
43
Let s(w) = 165*w**2 - 2140*w - 41. Determine s(13).
24
Let d(x) = -4*x**3 + 97*x**2 + 620*x + 161. Determine d(-5).
-14
Let h(o) = 3697147*o - 22182884. What is h(6)?
-2
Let f(u) = u**3 + 82*u**2 - 607*u + 819. Give f(-89).
-605
Let v(l) = -24*l**3 - 91*l**2 - 102*l - 7. Give v(-2).
25
Let k(t) = 217*t + 3493. Give k(-20).
-847
Let b(w) = -w**3 - 73*w**2 - 19*w - 12903. What is b(-75)?
-228
Let g(j) = 2*j**2 + 114*j + 1549. Calculate g(-30).
-71
Let m(v) = -3872*v - 4011. What is m(-1)?
-139
Let k(s) = 202*s**3 + 287*s**2 + 281*s - 5. Determine k(-1).
-201
Let u(a) = -a**3 - 45*a**2 - 434*a + 246. Determine u(-15).
6
Let n(p) = 9029*p + 29536. Determine n(-3).
2449
Let g(i) = -17468*i + 2742488. What is g(157)?
12
Let s(u) = -14150*u + 14143. Calculate s(1).
-7
Let a(o) = o**2 - 50222*o - 30. Determine a(0).
-30
Let n(x) = -x**3 - 146*x**2 - 242*x + 6627. What is n(-144)?
3
Let x(w) = w**3 + 